e 158*((-6)/4)/3. Let c = -43 - m. Suppose 4*f = 8 + c. Is f composite?
False
Suppose -3 = -3*r - 21. Let v(n) = -4*n**2 - 6*n + 4. Let k be v(r). Let z = k + 193. Is z prime?
True
Suppose -3*x = -6*x + 969. Is x composite?
True
Let r(q) = 4*q**3 - 9*q**2 - 4*q - 23. Is r(10) composite?
False
Let r(n) = -n - 1. Let k be r(10). Is k/(44/(-72)) - -3 prime?
False
Suppose -9*g - 8 = -5*g. Is (4/g)/2*-53 a composite number?
False
Suppose 2*q - 3*m + 2608 = 7*q, -q + m = -520. Is q composite?
False
Suppose 0 = -2*c, -c + 16 = 4*d - 4. Suppose -q + 10 = 4*w, -d*q - 15 + 44 = -w. Suppose -2*p + q*p - 273 = 5*v, -198 = -3*p - 3*v. Is p prime?
True
Let o(k) = -k**2 - 2*k. Let p be o(-3). Is (-1)/p - 3332/(-21) a prime number?
False
Suppose -3*x + 30 = -792. Is x a prime number?
False
Suppose -z = -5*z - 8, 0 = 3*y - 3*z - 180. Is y prime?
False
Suppose -143 = 12*w - 13*w. Is w composite?
True
Let l = 561 + -224. Is l a prime number?
True
Let l = -190 + 335. Is l a composite number?
True
Suppose -5*f = p + 229, -10 - 84 = 2*f + p. Let b = 64 + f. Is b prime?
True
Let j be (-12)/18 + (-28)/(-6). Suppose 5*y = 0, 3*b - 1 = j*y + 5. Let o = b + 8. Is o a prime number?
False
Let q(c) = -c**2 - 8*c - 9. Let p be q(-6). Suppose -y = p*y. Suppose -4*r - 98 + 414 = y. Is r prime?
True
Let g(z) = -6*z**2 + 3. Let k(s) = 5*s**2 - 3. Let h(i) = 4*g(i) + 5*k(i). Let v be h(3). Suppose 0 = -j + v*j - 105. Is j composite?
True
Is 0 + -1 + -1 - (3 - 102) a prime number?
True
Suppose 0*t = -3*t + 3. Let u = 1 + t. Suppose 3*i - u*i = 34. Is i a composite number?
True
Let s(k) = -k**2 - 5*k + 1. Let z be s(-4). Suppose 0 = -z*v + 256 + 89. Is v a prime number?
False
Let p = 1636 + 1514. Let y = 4566 - p. Let a = -1003 + y. Is a composite?
True
Let z be (4/(-6))/((-6)/4167). Suppose 0 = -2*y + z - 45. Is y a prime number?
False
Let d be 3 - 4/(-4)*-1. Suppose 3*f = -2*a + 53, -f = d*f - 3. Is a composite?
True
Let c = 8 - 9. Let x = c + 1. Is 96 - (-2 + x + 1) composite?
False
Suppose -4*o - z - 4 = o, 4*o + 3*z + 12 = 0. Suppose -48 - 66 = -2*r. Suppose o = 2*m - r - 17. Is m a prime number?
True
Suppose -5*s = -3*s. Let w be -3 - -2 - (s - 1). Suppose w = a - 69 - 10. Is a composite?
False
Suppose -25 - 195 = -5*u. Suppose -5*r = -334 + u. Is r a prime number?
False
Let o be 102 + 2 + -1 + -1. Suppose 0*m = 3*m - o. Suppose 0*b = b - m. Is b a prime number?
False
Let f = -1 + 7. Let p(r) = -7 - 3*r + f*r - r**3 + 7*r**2 + r. Is p(6) composite?
False
Let q(r) = r**2 - r + 1. Let u be q(0). Is (44 + -6)*u/2 composite?
False
Let f(n) be the first derivative of -n**2/2 - 2*n - 2. Let v be f(-4). Is 0 - 2 - (-78)/v a prime number?
True
Let c(b) = -5*b. Let w be c(-1). Suppose w*q = 7*q - 194. Is q composite?
False
Let l(v) = -v**3 + 4*v**2 - 9*v - 7. Is l(-6) a composite number?
True
Let l(g) = -g**3 - 8*g**2 - 4*g - 1. Let z be l(-7). Let m = 31 - z. Is m a prime number?
True
Let t = 364 + -698. Is (-4)/10 - t/10 a composite number?
True
Let v be 5/(-25) - 2/(-10). Suppose f - 143 = -v*f. Is f composite?
True
Let p = 17 + 14. Is p a prime number?
True
Let o(m) = m**3 - 3*m**2 + 3*m + 3. Let u be o(3). Let v(d) = d**2 - 11. Is v(u) a composite number?
True
Let y(t) = t**3 + 8*t**2 - 2*t - 5. Is y(-7) a prime number?
False
Suppose 0*n - 3*n = -j + 162, -2*n = -3*j + 521. Is j a composite number?
True
Suppose -d - 99 = -2*u, 3*u - 5*d = 6*u - 155. Let m(y) = 18*y - 17. Let c be m(7). Let s = c - u. Is s composite?
False
Suppose -4*w + 10 - 2 = 3*m, -m = -3*w + 19. Let x(u) = 9*u + 18. Let r(c) = -5*c - 9. Let q(i) = w*r(i) + 3*x(i). Is q(13) a composite number?
True
Let y = -13 + 10. Let x(g) = 5*g - 11. Let l(w) = -5*w + 10. Let k(r) = 7*l(r) + 6*x(r). Is k(y) composite?
False
Suppose 0*o - o = -4. Is 26/o + (-6)/(-12) a composite number?
False
Let v(y) = -y**2 - 11*y - 10. Let c be v(-10). Suppose 2*j - 5*o - 769 = c, -2*o - 383 = -2*j + j. Is j a prime number?
False
Let z = 193 + -116. Is z prime?
False
Let d = -5 + 9. Let k be (d - 3)/((-2)/74). Let f = 62 + k. Is f composite?
True
Suppose -5*j + 9*j = 1276. Is j a prime number?
False
Let j(p) = p - 8. Let g be j(-7). Let n = 100 + g. Is n prime?
False
Let h be (-58)/(-4) + (-16)/(-32). Is 5010/h*(-1)/(-2) prime?
True
Let k be (-12 - -2)/((-2)/7). Suppose t + 0 = k. Is t a composite number?
True
Let p(l) = -3*l - 1. Let n be p(-4). Suppose 4 = 5*t - n. Suppose -16 = -t*b - b. Is b prime?
False
Let w = -1 + -6. Let j(g) = -g**3 - 5*g**2 + 3*g - 9. Let z be j(w). Let c = z - 33. Is c a prime number?
False
Suppose u + 5 = 46. Suppose 4*w - 370 = -w. Let t = w - u. Is t prime?
False
Suppose 0 = -3*u - 1 - 2. Is u/(8/(-278))*4 prime?
True
Let k(c) = -3*c**3 + 2*c**3 - 6*c - 5 + 11*c**2 - 6*c. Let r be k(9). Let d = r - 0. Is d a composite number?
True
Is ((-5482)/(-10))/((-4)/(-20)) composite?
False
Is (4 + (-265)/2)*-2 prime?
True
Let d(t) = -3*t - t + 2*t + 14*t**2 + 1. Is d(1) prime?
True
Let p(m) = 5 - 5 + m - 5*m**2 + 6*m**2 + 89. Is p(0) composite?
False
Let s = 441 + -286. Is s composite?
True
Let w = 4 - 2. Let n be 14/(-6)*(-114)/w. Suppose -102 - n = -5*i. Is i composite?
False
Suppose 0 = -4*n + 2 + 6. Suppose 0 = -d - n*d + 2*h + 11, -1 = 3*d + h. Is d - -91 - (7 - 4) a prime number?
True
Let u(r) = 8*r**2 + r + 4. Is u(-5) a composite number?
False
Let m be 4/(-6)*(-360)/16. Suppose -13 = -2*n - 3*v, -4*n + 3*v + 12 = -n. Suppose -m = -n*r, -i = -4*i + r + 15. Is i a composite number?
True
Suppose 0 = -3*n + n + 2354. Is n a prime number?
False
Let a = 581 + 437. Is a composite?
True
Let n be (-246)/30 - (-1)/5. Let a be (-2)/(0 + (-1)/4). Is 246/a + (-2)/n a prime number?
True
Let c(g) = -16*g - 15. Is c(-11) composite?
True
Suppose 2*l - 3*a = 3793, -4042 = -4*l + a + 3519. Is l composite?
False
Let n(k) = -k**3 + 2*k**2 + 5*k + 1. Is n(-4) a prime number?
False
Suppose 3*k + 5*o + 16 = 4*k, 3*k + 6 = -3*o. Is k - 0 - (-287 - -1) prime?
False
Let i = 2551 + -894. Is i a prime number?
True
Suppose 0*x + 1866 = 2*x. Is x a prime number?
False
Let n(z) = -13*z + 1. Let t be n(-1). Let q be (-4 - -2)/((-1)/t). Let i = q + -9. Is i a composite number?
False
Let v(q) = -q + 1. Let y(w) = w**3 - 2*w**2 - w - 2. Let n be y(2). Let m be v(n). Let s(k) = 7*k. Is s(m) composite?
True
Let z(l) = -l**3 + 9*l**2 - 9*l + 2. Is z(7) a prime number?
True
Suppose 4204 = 4*t - 4*v - 0*v, -4*t = -5*v - 4206. Is t composite?
False
Is ((-6684)/24)/(1/(-2)) composite?
False
Let u = 129 - -10. Let p = u - 75. Let r = 97 - p. Is r prime?
False
Suppose 56*v - 59*v = -12. Suppose 0 = -3*u + 1 + 11. Suppose 2*f - u*j = 154, -241 = -0*f - 3*f + v*j. Is f composite?
True
Let d(w) = 92*w**2 - 1. Let r(m) = -m**3 - 5*m**2 - m - 4. Let b be r(-5). Is d(b) prime?
False
Let g(m) = m**3 - 10*m**2 - 8*m - 2. Suppose 11 = 3*d + 3*c + 41, -3*c = -3*d - 36. Let x(o) = -o**3 - 12*o**2 - 13*o - 11. Let l be x(d). Is g(l) composite?
False
Let d = 2 + 8. Is d a composite number?
True
Let o = 30 + 1. Is o prime?
True
Let v(b) = -7*b - 4*b**2 - 2*b**2 + 10*b - b**3 - 6. Is v(-7) a prime number?
False
Let b be 3 - (2/1 + -3). Suppose -1031 = 3*s - b*s. Suppose s = 4*h - q, 4*h - 1053 = -2*q - 7. Is h prime?
False
Suppose 3*h - 99 = 48. Is h - 1 - -1 - 2 a composite number?
False
Let x = 420 + -11. Is x composite?
False
Suppose -5*v + 9419 + 8876 = 0. Is v a prime number?
True
Suppose 7*y - 4*y = 9. Suppose -y*j + 9 = -3. Suppose -5*q = -4*f - 25, j*q + 0*f - 2*f = 26. Is q composite?
True
Let t = 353 - 166. Is t a prime number?
False
Let n(l) be the first derivative of l**6/120 - l**5/60 + l**4/24 + 37*l**3/6 + l**2 - 2. Let t(o) be the second derivative of n(o). Is t(0) composite?
False
Let p(g) = -g**2 - 19*g + 5. Let w be p(-19). Let r(q) = 84*q - 11. Is r(w) prime?
True
Suppose 0*x + 2*x - 2142 = 4*b, 2*b = -2. Is x composite?
False
Suppose -2*c + 1 = -5. Suppose -w = 2*w - 3*p + 2310, -c*w + 5*p = 2302. Is (-2)/7 + w/(-14) a composite number?
True
Suppose r - 6*w + w = 566, 3*w = -4*r + 2379. Is (-4 + r)/1 - 0 a prime number?
True
Let d(t) = -t**3 + 6*t**2 + 9*t + 5. Is d(7) prime?
True
Is ((-2)/2 - 1)*57294/(-108) a prime number?
True
Let t = -14 - -8. Let q be 4/6*(-27)/t. Suppose -4*g - 231 = -q*i + 50, 0 = -4*g - 8. Is i prime?
False
Let k(u) be